actor of z and 6?
6
Suppose 7*c + c = 176. Let b = c - -104. Let n(t) = 2*t**2 - 4*t + 2. Let o be n(4). Calculate the greatest common divisor of b and o.
18
Let i = -56 + 166. What is the greatest common divisor of i and 10?
10
Let b be (9*(-1 + -3))/(-1 - 0). What is the highest common divisor of b and 24?
12
Suppose -2*u - u + 153 = -4*h, -4*u = 5*h - 235. Let s = 46 + -24. Calculate the greatest common factor of s and u.
11
Let s(b) = 16*b - 32. Let j be s(7). Calculate the greatest common factor of 48 and j.
16
Suppose 2*g + g = 567. Let i = g - 90. Calculate the greatest common factor of i and 9.
9
Let p be (28/7)/(2 + 0). Suppose -6*b + b + 506 = p*d, 3*b - d = 297. Calculate the greatest common factor of b and 20.
20
Let v be (-306)/(-10) + 60/(-100). What is the highest common factor of v and 10?
10
Let h(p) = 4*p**3 + 4*p**2 + 4 + 4*p - 5*p**3 - 6. Let i be h(4). What is the greatest common divisor of i and 2?
2
Suppose 4*c - 761 = -5*n, 603 = 4*c + n - 154. What is the highest common divisor of c and 21?
21
Let p = -47 + 60. Calculate the highest common divisor of 91 and p.
13
Let k(v) = 5*v**2 - 11*v + 5. Let y be k(5). Let c be 10*(6 + 1/(-1)). What is the highest common factor of y and c?
25
Let l = 138 - 50. What is the greatest common factor of 11 and l?
11
Suppose m - 10 = 6*m. Let n be 11 + (-1 + -1)/m. Calculate the greatest common divisor of n and 108.
12
Let p = -1 + 1. Suppose -4*v + 5*v - 2 = p. Suppose -v*x + 3*x = 30. What is the highest common factor of 3 and x?
3
Let c be (-15)/(-6) - 1/2. Suppose l = -c*l + 132. Suppose -8 = -3*b - 4*w, -2*w - 3 = -1. Calculate the greatest common divisor of l and b.
4
Let n(o) = o**2 + 6*o - 11. Let g be n(2). Let q = -8 + 5. Let l(s) = 2*s**2 + 3*s + 1. Let u be l(q). Calculate the highest common divisor of u and g.
5
Let s = 31 - 23. Calculate the greatest common factor of s and 48.
8
Suppose 0 = -4*v + 12, -5*x - v + 22 = -211. Suppose -j + x = 5*d, 20 + 17 = 4*d + j. What is the highest common factor of 81 and d?
9
Let f = 35 + -25. Suppose f = -2*u + 5*u + q, 4*q + 8 = 0. Suppose -d + 2*d = 4. Calculate the highest common divisor of u and d.
4
Let a be (38/(-3))/(19/(-3) + 6). Calculate the highest common divisor of a and 2.
2
Suppose 5*d = 16*d - 88. Calculate the greatest common factor of d and 8.
8
Let i = 17 + -8. What is the greatest common divisor of i and 1?
1
Let k(p) = -p**2 - 12*p + 7. Let s be k(-11). Calculate the highest common factor of 180 and s.
18
Let m = -26 - -14. Let n = m + 17. Suppose -94 = -4*q + 46. Calculate the highest common divisor of n and q.
5
Let x be (-4)/(-22) + 2/(-11). Suppose x*l - 77 = -3*y + 4*l, -72 = -3*y + 3*l. Calculate the greatest common divisor of y and 57.
19
Let m = 623 + -443. Calculate the highest common divisor of 20 and m.
20
Let d be 3*23 - (-3 + 9 + -3). What is the highest common divisor of d and 44?
22
Let s(g) = g**3 - 12*g**2 - 13*g - 3. Let i be s(13). Let d be i/1 + (-108)/(-4). What is the highest common divisor of 3 and d?
3
Let l(p) = 10*p**2 + 9 - 6*p - p**3 + 2 - 4 - 3*p**2. Let y be l(6). Calculate the greatest common factor of 14 and y.
7
Let w = 33 - 32. What is the greatest common factor of w and 4?
1
Let c be (-2)/(0 + (-1 - -2)). Let p(k) = -k**2 + 6*k**3 - 2 - 15*k**3 + 6*k**3 - k. Let g be p(c). What is the greatest common divisor of 4 and g?
4
Let j be (-16)/10*60/(-24). Calculate the greatest common divisor of j and 40.
4
Let a = 152 - 107. Calculate the greatest common factor of 9 and a.
9
Suppose g = -5*l - g + 28, -24 = -l - 5*g. Calculate the highest common factor of l and 4.
4
Suppose -5*f - w + 1 = -3*f, 1 = -w. Let k = 11 + f. What is the highest common factor of k and 18?
6
Suppose 4*w + 0*w = 8. Calculate the greatest common divisor of 18 and w.
2
Let x = 12 - 5. Suppose -w - k = -5, -w - 8*k - x = -3*k. What is the greatest common divisor of w and 40?
8
Let z be 1/4 + (-11)/(-4). Let w = 1 - z. Let d be -6*((-15)/(-9) + w). Calculate the greatest common factor of 18 and d.
2
Let y be 5/(-1)*(-6)/10. Suppose 17 = 4*q - 5*t, y*q + t - 6 = -2*t. What is the greatest common factor of q and 15?
3
Let u = -23 - -25. Suppose 20 = 5*x + u*g, 0*x - x + 5*g = -31. Calculate the greatest common factor of 54 and x.
6
Suppose -5*t = -j + 25, 2*j - 5*t - 26 = -3*t. What is the greatest common divisor of 10 and j?
10
Let v = 25 + -16. Let t = v - 6. Suppose z - 38 = -i, 5*z = -i + t*i + 204. What is the greatest common factor of 100 and z?
20
Suppose -4*k + 5*q + 628 = -2*k, -3*q = -2*k + 632. Calculate the greatest common factor of 29 and k.
29
Let x = 38 + -21. Suppose -4*y + 5*f + 28 = 0, -y = y + 2*f + 4. Let n(i) = 37*i**2 + 3*i - 1. Let q be n(y). Calculate the highest common factor of x and q.
17
Let m(a) = -2*a + 2. Let r = -18 - -10. Let b be m(r). Calculate the greatest common divisor of b and 18.
18
Suppose -3*r = 2*r - 160. Let w(h) = -h**3 - 17*h**2 - 21*h. Let g be w(-16). Calculate the highest common divisor of r and g.
16
Suppose -4*l = -109 + 105. What is the greatest common divisor of l and 9?
1
Let r(o) = -4*o - 1. Let b be r(-3). Let i(u) = -33*u + 1. Let t be i(-3). Let w be t/3 - (-1)/(-3). What is the highest common factor of w and b?
11
Let j be (-4)/22 - 285/(-55). Suppose j*v - v - 512 = 0. Suppose s + 5*q - v = 0, -3*s = s - 2*q - 512. What is the highest common divisor of 16 and s?
16
Let a be ((-240)/(-35))/4*14. What is the greatest common factor of 264 and a?
24
Suppose -3*t = -4*t + 7. Suppose -3*f = -h + 62, 0 = 2*h - f - 12 - 102. Calculate the highest common factor of t and h.
7
Let p be (-2)/(-8) - (-517)/44. Let u = p - 6. Calculate the greatest common factor of 15 and u.
3
Let q be 6/(-4)*(-14)/3. Let o = -2 + q. Suppose o*f = 5*w - 395, 2*w = -2*f - 44 + 222. Calculate the greatest common factor of w and 12.
12
Suppose 0 = -3*v + 5*j + 88, -3*v + 110 + 18 = 5*j. What is the greatest common factor of v and 54?
18
Suppose 4*x - 246 = 14. Calculate the greatest common divisor of x and 13.
13
Suppose -32 = 2*f + 28. Suppose -14 = 3*o + 40. Let i = o - f. Calculate the highest common factor of i and 6.
6
Let h be (0 - -38)*(4 - 3). Calculate the highest common factor of h and 266.
38
Suppose 0 = -o - 2*a + 1, 3*a = 3*o - 2 + 17. Let f be ((-8)/o)/(1/6). Calculate the highest common divisor of f and 16.
16
Let k(d) = 3*d**2 - 2*d. Let o be k(2). Let v(p) = p - 7. Let a be v(o). Let z = a + 3. Calculate the highest common factor of z and 44.
4
Let r be (-132)/8*(-10)/3. Suppose -7 = 2*h - r. What is the greatest common divisor of 36 and h?
12
Let q be (-489 + 5)/(2*-1). Suppose 0*v - 2*v = -44. What is the greatest common factor of q and v?
22
Suppose 5*w + 2*o - 1607 = 0, -3*w = w - 4*o - 1280. Suppose -d - 4*d + 3*x + w = 0, -3*x = 6. Calculate the highest common factor of 7 and d.
7
Suppose 0 = w + w - 2. Let c(g) = -w + 4 + g**2 + 3*g + 3. Let v be c(-6). Calculate the highest common factor of 3 and v.
3
Suppose 2600 = 5*f + 4*a + a, -5*a + 1043 = 2*f. Suppose -3*t = i - 433 + 122, -i = 5*t - f. Calculate the greatest common divisor of t and 13.
13
Let m be 69 + -1 + (9 - (-5)/(-1)). Calculate the highest common factor of m and 108.
36
Let u = -30 - -58. What is the highest common factor of u and 42?
14
Suppose -4*z + 308 = 5*o, 0 = -o - 2*z + 36 + 22. Suppose 5 = 2*m - 7. Let p = 14 - m. Calculate the highest common divisor of p and o.
8
Let s = -2 - -11. Calculate the greatest common divisor of s and 54.
9
Let q(g) = -3*g - 6. Let x be q(-7). Calculate the greatest common factor of 75 and x.
15
Suppose 40 = 3*z - 23. Suppose -6*u + 3*u + 24 = 0. Suppose 3*r = u*r - 420. Calculate the highest common divisor of r and z.
21
Let g be (-276)/(-161)*(-14)/(-4). Calculate the highest common divisor of 21 and g.
3
Let l(k) = -2*k - 3*k**3 - 7*k**2 + 2*k**3 - 8 - 8*k. Let o be l(-7). Let r = o + -37. What is the highest common divisor of r and 5?
5
Let f(b) = 27*b**2 - b + 2. Let y be f(-2). What is the highest common divisor of y and 14?
14
Suppose 2*a + 46 = 5*a - 5*b, 3*a - 34 = -b. What is the greatest common factor of 12 and a?
12
Suppose 3 = r - 0*r. Calculate the highest common factor of r and 3.
3
Let k(y) = 93*y - 2. Let v be k(2). Let j = -362 + 385. Calculate the h